{"id":4533,"date":"2021-02-02T12:06:14","date_gmt":"2021-02-02T11:06:14","guid":{"rendered":"https:\/\/cadiz.salesianos.edu\/colegio\/?page_id=4533"},"modified":"2021-02-02T12:06:17","modified_gmt":"2021-02-02T11:06:17","slug":"uniformes","status":"publish","type":"page","link":"https:\/\/cadiz.salesianos.edu\/colegio\/uniformes\/","title":{"rendered":"uniformes"},"content":{"rendered":"<p>[et_pb_section fb_built=\u00bb1&#8243; fullwidth=\u00bbon\u00bb _builder_version=\u00bb3.22&#8243;][et_pb_fullwidth_header title=\u00bbUniformes\u00bb title_font_color=\u00bb#ffffff\u00bb module_class=\u00bbpagina-imagen-cabecera\u00bb _builder_version=\u00bb4.8.2&#8243; title_text_color=\u00bb#ffffff\u00bb title_font_size=\u00bb40px\u00bb background_color=\u00bbrgba(255, 255, 255, 0)\u00bb background_image=\u00bbhttp:\/\/cadiz.salesianos.edu\/colegio\/wp-content\/uploads\/sites\/11\/2020\/12\/fondo_novedades_web.png\u00bb background_layout=\u00bblight\u00bb background_url=\u00bbhttp:\/\/cadiz.salesianos.edu\/colegio\/wp-content\/uploads\/sites\/11\/2021\/02\/Captura-de-pantalla-2017-04-13-a-las-16.57.17.png\u00bb button_one_text_size__hover_enabled=\u00bboff\u00bb button_two_text_size__hover_enabled=\u00bboff\u00bb button_one_text_color__hover_enabled=\u00bboff\u00bb button_two_text_color__hover_enabled=\u00bboff\u00bb button_one_border_width__hover_enabled=\u00bboff\u00bb button_two_border_width__hover_enabled=\u00bboff\u00bb button_one_border_color__hover_enabled=\u00bboff\u00bb button_two_border_color__hover_enabled=\u00bboff\u00bb button_one_border_radius__hover_enabled=\u00bboff\u00bb button_two_border_radius__hover_enabled=\u00bboff\u00bb button_one_letter_spacing__hover_enabled=\u00bboff\u00bb button_two_letter_spacing__hover_enabled=\u00bboff\u00bb button_one_bg_color__hover_enabled=\u00bboff\u00bb button_two_bg_color__hover_enabled=\u00bboff\u00bb][\/et_pb_fullwidth_header][\/et_pb_section][et_pb_section fb_built=\u00bb1&#8243; module_class=\u00bbpagina-seccion-contenido\u00bb _builder_version=\u00bb3.22&#8243; custom_padding=\u00bb0%||70px|\u00bb][et_pb_row column_structure=\u00bb3_5,2_5&#8243; module_class=\u00bbpagina-texto\u00bb _builder_version=\u00bb3.25&#8243; background_size=\u00bbinitial\u00bb background_position=\u00bbtop_left\u00bb background_repeat=\u00bbrepeat\u00bb custom_margin=\u00bb25px|||\u00bb custom_padding=\u00bb30px|0px|0px|0px\u00bb][et_pb_column type=\u00bb3_5&#8243; _builder_version=\u00bb3.25&#8243; custom_padding=\u00bb|||\u00bb custom_padding__hover=\u00bb|||\u00bb][et_pb_text _builder_version=\u00bb3.27.4&#8243; header_font=\u00bbLato|300|||||||\u00bb header_font_size=\u00bb32px\u00bb]<\/p>\n<h1>Con marca salesiana.<\/h1>\n<p>[\/et_pb_text][et_pb_text _builder_version=\u00bb4.8.2&#8243; text_font=\u00bb||||||||\u00bb background_size=\u00bbinitial\u00bb background_position=\u00bbtop_left\u00bb background_repeat=\u00bbrepeat\u00bb]<\/p>\n<div title=\"Page 1\" style=\"text-align: justify;\">\n<p>El\u00a0<strong>uniforme escolar<\/strong>\u00a0se ha renovado, adapt\u00e1ndose a la\u00a0<strong>nueva imagen institucional<\/strong>\u00a0que siguen todos los colegios de nuestra inspector\u00eda salesiana. Este nuevo uniforme es de\u00a0<strong>calidad superior<\/strong>, con\u00a0<strong>materiales y confecci\u00f3n nacional<\/strong>\u00a0y comercializado por\u00a0<a href=\"https:\/\/www.elcorteingles.es\/uniformes\/alicante\/alicante\/don-bosco-salesianos\/\">El Corte Ingl\u00e9s<\/a>.<\/p>\n<p>&nbsp;<\/p>\n<p>Se est\u00e1 implementando poco a poco en todos los colegios salesianos de Espa\u00f1a.En nuestro centro es\u00a0<strong>obligatoria en las etapas de infantil, primaria y secundaria<\/strong>.<\/p>\n<p><a href=\"https:\/\/www.elcorteingles.es\/uniformes\/alicante\/alicante\/don-bosco-salesianos\/\">\ue015<\/a><\/p>\n<\/div>\n<p>[\/et_pb_text][et_pb_blurb title=\u00bbCompra online\u00bb url=\u00bbhttps:\/\/www.elcorteingles.es\/uniformes\/alicante\/alicante\/don-bosco-salesianos\/\u00bb url_new_window=\u00bbon\u00bb use_icon=\u00bbon\u00bb font_icon=\u00bb%%114%%\u00bb icon_placement=\u00bbleft\u00bb use_icon_font_size=\u00bbon\u00bb icon_font_size=\u00bb62px\u00bb _builder_version=\u00bb3.26.7&#8243; header_font_size=\u00bb20px\u00bb body_line_height=\u00bb1.3em\u00bb background_color=\u00bb#f7f7f7&#8243; text_orientation=\u00bbcenter\u00bb custom_margin=\u00bb|||\u00bb custom_padding=\u00bb20px|20px|20px|20px\u00bb animation_style=\u00bbzoom\u00bb animation=\u00bboff\u00bb link_option_url=\u00bbhttps:\/\/www.elcorteingles.es\/uniformes\/alicante\/alicante\/don-bosco-salesianos\/\u00bb border_radii=\u00bbon|20px|20px|20px|20px\u00bb box_shadow_style=\u00bbpreset3&#8243;]<\/p>\n<p>Compra el uniforme a trav\u00e9s de la web de <a href=\"https:\/\/www.elcorteingles.es\/uniformes\/alicante\/alicante\/don-bosco-salesianos\/\" target=\"_blank\" rel=\"noopener noreferrer\">El Corte Ingl\u00e9s<\/a>.<\/p>\n<p>[\/et_pb_blurb][\/et_pb_column][et_pb_column type=\u00bb2_5&#8243; _builder_version=\u00bb3.25&#8243; custom_padding=\u00bb|||\u00bb custom_padding__hover=\u00bb|||\u00bb][et_pb_image src=\u00bbhttp:\/\/cadiz.salesianos.edu\/colegio\/wp-content\/uploads\/sites\/11\/2021\/02\/comercio-justo-min.png\u00bb align_tablet=\u00bbcenter\u00bb align_phone=\u00bb\u00bb align_last_edited=\u00bbon|desktop\u00bb _builder_version=\u00bb3.23&#8243; max_width=\u00bb51%\u00bb][\/et_pb_image][et_pb_video src=\u00bbhttps:\/\/m.youtube.com\/watch?v=15jm6MQuqCo\u00bb image_src=\u00bb\/\/i.ytimg.com\/vi\/15jm6MQuqCo\/hqdefault.jpg\u00bb thumbnail_overlay_color=\u00bbrgba(0,0,0,0.6)\u00bb _builder_version=\u00bb3.26.7&#8243; custom_padding=\u00bb||53px|||\u00bb box_shadow_style=\u00bbpreset3&#8243;][\/et_pb_video][\/et_pb_column][\/et_pb_row][et_pb_row _builder_version=\u00bb3.25&#8243; custom_padding=\u00bb0px|0px|0px|0px\u00bb][et_pb_column type=\u00bb4_4&#8243; _builder_version=\u00bb3.25&#8243; custom_padding=\u00bb|||\u00bb custom_padding__hover=\u00bb|||\u00bb][et_pb_text _builder_version=\u00bb3.27.4&#8243; header_font=\u00bb||||||||\u00bb header_2_font=\u00bbLato|300|||||||\u00bb header_2_font_size=\u00bb25px\u00bb background_size=\u00bbinitial\u00bb background_position=\u00bbtop_left\u00bb background_repeat=\u00bbrepeat\u00bb custom_margin=\u00bb25px|||\u00bb]<\/p>\n<h2>Ventajas para los usuarios del Corte Ingl\u00e9s<\/h2>\n<p>[\/et_pb_text][\/et_pb_column][\/et_pb_row][et_pb_row column_structure=\u00bb1_2,1_2&#8243; _builder_version=\u00bb3.25&#8243;][et_pb_column type=\u00bb1_2&#8243; _builder_version=\u00bb3.25&#8243; custom_padding=\u00bb|||\u00bb custom_padding__hover=\u00bb|||\u00bb][et_pb_blurb use_icon=\u00bbon\u00bb font_icon=\u00bb%%374%%\u00bb use_circle=\u00bbon\u00bb circle_color=\u00bb#f7f7f7&#8243; icon_placement=\u00bbleft\u00bb _builder_version=\u00bb3.0.85&#8243; animation_style=\u00bbslide\u00bb animation_direction=\u00bbright\u00bb animation_intensity_slide=\u00bb5%\u00bb animation=\u00bboff\u00bb]<\/p>\n<p><strong>Descuento especial del 10% para familias numerosas<\/strong> en la compra de uniformes y moda infantil.<\/p>\n<p>[\/et_pb_blurb][et_pb_blurb use_icon=\u00bbon\u00bb font_icon=\u00bb%%379%%\u00bb use_circle=\u00bbon\u00bb circle_color=\u00bb#f7f7f7&#8243; icon_placement=\u00bbleft\u00bb _builder_version=\u00bb3.0.85&#8243; animation_style=\u00bbslide\u00bb animation_direction=\u00bbright\u00bb animation_intensity_slide=\u00bb5%\u00bb animation=\u00bboff\u00bb]<\/p>\n<p><strong>Arreglos gratuitos<\/strong> en uniformes.<\/p>\n<p>[\/et_pb_blurb][et_pb_blurb use_icon=\u00bbon\u00bb font_icon=\u00bb%%373%%\u00bb use_circle=\u00bbon\u00bb circle_color=\u00bb#f7f7f7&#8243; icon_placement=\u00bbleft\u00bb _builder_version=\u00bb3.0.85&#8243; animation_style=\u00bbslide\u00bb animation_direction=\u00bbright\u00bb animation_intensity_slide=\u00bb5%\u00bb animation=\u00bboff\u00bb]<\/p>\n<p><strong>Garant\u00eda de devoluci\u00f3n<\/strong> en caso que no quedar satisfecho.<\/p>\n<p>[\/et_pb_blurb][\/et_pb_column][et_pb_column type=\u00bb1_2&#8243; _builder_version=\u00bb3.25&#8243; custom_padding=\u00bb|||\u00bb custom_padding__hover=\u00bb|||\u00bb][et_pb_blurb use_icon=\u00bbon\u00bb font_icon=\u00bb%%82%%\u00bb use_circle=\u00bbon\u00bb circle_color=\u00bb#f7f7f7&#8243; icon_placement=\u00bbleft\u00bb _builder_version=\u00bb3.0.85&#8243; animation_style=\u00bbslide\u00bb animation_direction=\u00bbright\u00bb animation_intensity_slide=\u00bb5%\u00bb animation=\u00bboff\u00bb]<\/p>\n<p><strong>Fabricaci\u00f3n de uniformes en composici\u00f3n especial o forradas para ni\u00f1os al\u00e9rgicos<\/strong> (ser\u00e1 requisito indispensable la presentaci\u00f3n de certificado m\u00e9dico detallado).<\/p>\n<p>[\/et_pb_blurb][et_pb_blurb use_icon=\u00bbon\u00bb font_icon=\u00bb%%107%%\u00bb use_circle=\u00bbon\u00bb circle_color=\u00bb#f7f7f7&#8243; icon_placement=\u00bbleft\u00bb _builder_version=\u00bb3.0.85&#8243; animation_style=\u00bbslide\u00bb animation_direction=\u00bbright\u00bb animation_intensity_slide=\u00bb5%\u00bb animation=\u00bboff\u00bb]<\/p>\n<p><strong>Reservas a trav\u00e9s de su p\u00e1gina web<\/strong>\u00a0y recogida en el centro m\u00e1s pr\u00f3ximo.<\/p>\n<p>[\/et_pb_blurb][\/et_pb_column][\/et_pb_row][\/et_pb_section]<\/p>\n","protected":false},"excerpt":{"rendered":"<p>Con marca salesiana. El\u00a0uniforme escolar\u00a0se ha renovado, adapt\u00e1ndose a la\u00a0nueva imagen institucional\u00a0que siguen todos los colegios de nuestra inspector\u00eda salesiana. Este nuevo uniforme es de\u00a0calidad superior, con\u00a0materiales y confecci\u00f3n nacional\u00a0y comercializado por\u00a0El Corte Ingl\u00e9s. &nbsp; Se est\u00e1 implementando poco a poco en todos los colegios salesianos de Espa\u00f1a.En nuestro centro es\u00a0obligatoria en las etapas de [&hellip;]<\/p>\n","protected":false},"author":5,"featured_media":0,"parent":0,"menu_order":0,"comment_status":"closed","ping_status":"closed","template":"","meta":{"_et_pb_use_builder":"on","_et_pb_old_content":"","_et_gb_content_width":"","footnotes":""},"class_list":["post-4533","page","type-page","status-publish","hentry"],"yoast_head":"<!-- This site is optimized with the Yoast SEO plugin v27.4 - https:\/\/yoast.com\/product\/yoast-seo-wordpress\/ -->\n<title>uniformes - Colegio<\/title>\n<meta name=\"robots\" content=\"index, follow, max-snippet:-1, max-image-preview:large, max-video-preview:-1\" \/>\n<link rel=\"canonical\" href=\"https:\/\/cadiz.salesianos.edu\/colegio\/uniformes\/\" \/>\n<meta property=\"og:locale\" content=\"es_ES\" \/>\n<meta property=\"og:type\" content=\"article\" \/>\n<meta property=\"og:title\" content=\"uniformes - Colegio\" \/>\n<meta property=\"og:description\" content=\"Con marca salesiana. El\u00a0uniforme escolar\u00a0se ha renovado, adapt\u00e1ndose a la\u00a0nueva imagen institucional\u00a0que siguen todos los colegios de nuestra inspector\u00eda salesiana. Este nuevo uniforme es de\u00a0calidad superior, con\u00a0materiales y confecci\u00f3n nacional\u00a0y comercializado por\u00a0El Corte Ingl\u00e9s. &nbsp; Se est\u00e1 implementando poco a poco en todos los colegios salesianos de Espa\u00f1a.En nuestro centro es\u00a0obligatoria en las etapas de [&hellip;]\" \/>\n<meta property=\"og:url\" content=\"https:\/\/cadiz.salesianos.edu\/colegio\/uniformes\/\" \/>\n<meta property=\"og:site_name\" content=\"Colegio\" \/>\n<meta property=\"article:modified_time\" content=\"2021-02-02T11:06:17+00:00\" \/>\n<meta name=\"twitter:card\" content=\"summary_large_image\" \/>\n<meta name=\"twitter:label1\" content=\"Tiempo de lectura\" \/>\n\t<meta name=\"twitter:data1\" content=\"4 minutos\" \/>\n<script type=\"application\/ld+json\" class=\"yoast-schema-graph\">{\"@context\":\"https:\\\/\\\/schema.org\",\"@graph\":[{\"@type\":\"WebPage\",\"@id\":\"https:\\\/\\\/cadiz.salesianos.edu\\\/colegio\\\/uniformes\\\/\",\"url\":\"https:\\\/\\\/cadiz.salesianos.edu\\\/colegio\\\/uniformes\\\/\",\"name\":\"uniformes - Colegio\",\"isPartOf\":{\"@id\":\"https:\\\/\\\/cadiz.salesianos.edu\\\/colegio\\\/#website\"},\"datePublished\":\"2021-02-02T11:06:14+00:00\",\"dateModified\":\"2021-02-02T11:06:17+00:00\",\"breadcrumb\":{\"@id\":\"https:\\\/\\\/cadiz.salesianos.edu\\\/colegio\\\/uniformes\\\/#breadcrumb\"},\"inLanguage\":\"es\",\"potentialAction\":[{\"@type\":\"ReadAction\",\"target\":[\"https:\\\/\\\/cadiz.salesianos.edu\\\/colegio\\\/uniformes\\\/\"]}]},{\"@type\":\"BreadcrumbList\",\"@id\":\"https:\\\/\\\/cadiz.salesianos.edu\\\/colegio\\\/uniformes\\\/#breadcrumb\",\"itemListElement\":[{\"@type\":\"ListItem\",\"position\":1,\"name\":\"Portada\",\"item\":\"https:\\\/\\\/cadiz.salesianos.edu\\\/colegio\\\/\"},{\"@type\":\"ListItem\",\"position\":2,\"name\":\"uniformes\"}]},{\"@type\":\"WebSite\",\"@id\":\"https:\\\/\\\/cadiz.salesianos.edu\\\/colegio\\\/#website\",\"url\":\"https:\\\/\\\/cadiz.salesianos.edu\\\/colegio\\\/\",\"name\":\"Colegio\",\"description\":\"P\u00e1gina oficial Salesianos C\u00e1diz\",\"potentialAction\":[{\"@type\":\"SearchAction\",\"target\":{\"@type\":\"EntryPoint\",\"urlTemplate\":\"https:\\\/\\\/cadiz.salesianos.edu\\\/colegio\\\/?s={search_term_string}\"},\"query-input\":{\"@type\":\"PropertyValueSpecification\",\"valueRequired\":true,\"valueName\":\"search_term_string\"}}],\"inLanguage\":\"es\"}]}<\/script>\n<!-- \/ Yoast SEO plugin. -->","yoast_head_json":{"title":"uniformes - Colegio","robots":{"index":"index","follow":"follow","max-snippet":"max-snippet:-1","max-image-preview":"max-image-preview:large","max-video-preview":"max-video-preview:-1"},"canonical":"https:\/\/cadiz.salesianos.edu\/colegio\/uniformes\/","og_locale":"es_ES","og_type":"article","og_title":"uniformes - Colegio","og_description":"Con marca salesiana. El\u00a0uniforme escolar\u00a0se ha renovado, adapt\u00e1ndose a la\u00a0nueva imagen institucional\u00a0que siguen todos los colegios de nuestra inspector\u00eda salesiana. Este nuevo uniforme es de\u00a0calidad superior, con\u00a0materiales y confecci\u00f3n nacional\u00a0y comercializado por\u00a0El Corte Ingl\u00e9s. &nbsp; Se est\u00e1 implementando poco a poco en todos los colegios salesianos de Espa\u00f1a.En nuestro centro es\u00a0obligatoria en las etapas de [&hellip;]","og_url":"https:\/\/cadiz.salesianos.edu\/colegio\/uniformes\/","og_site_name":"Colegio","article_modified_time":"2021-02-02T11:06:17+00:00","twitter_card":"summary_large_image","twitter_misc":{"Tiempo de lectura":"4 minutos"},"schema":{"@context":"https:\/\/schema.org","@graph":[{"@type":"WebPage","@id":"https:\/\/cadiz.salesianos.edu\/colegio\/uniformes\/","url":"https:\/\/cadiz.salesianos.edu\/colegio\/uniformes\/","name":"uniformes - Colegio","isPartOf":{"@id":"https:\/\/cadiz.salesianos.edu\/colegio\/#website"},"datePublished":"2021-02-02T11:06:14+00:00","dateModified":"2021-02-02T11:06:17+00:00","breadcrumb":{"@id":"https:\/\/cadiz.salesianos.edu\/colegio\/uniformes\/#breadcrumb"},"inLanguage":"es","potentialAction":[{"@type":"ReadAction","target":["https:\/\/cadiz.salesianos.edu\/colegio\/uniformes\/"]}]},{"@type":"BreadcrumbList","@id":"https:\/\/cadiz.salesianos.edu\/colegio\/uniformes\/#breadcrumb","itemListElement":[{"@type":"ListItem","position":1,"name":"Portada","item":"https:\/\/cadiz.salesianos.edu\/colegio\/"},{"@type":"ListItem","position":2,"name":"uniformes"}]},{"@type":"WebSite","@id":"https:\/\/cadiz.salesianos.edu\/colegio\/#website","url":"https:\/\/cadiz.salesianos.edu\/colegio\/","name":"Colegio","description":"P\u00e1gina oficial Salesianos C\u00e1diz","potentialAction":[{"@type":"SearchAction","target":{"@type":"EntryPoint","urlTemplate":"https:\/\/cadiz.salesianos.edu\/colegio\/?s={search_term_string}"},"query-input":{"@type":"PropertyValueSpecification","valueRequired":true,"valueName":"search_term_string"}}],"inLanguage":"es"}]}},"_links":{"self":[{"href":"https:\/\/cadiz.salesianos.edu\/colegio\/wp-json\/wp\/v2\/pages\/4533","targetHints":{"allow":["GET"]}}],"collection":[{"href":"https:\/\/cadiz.salesianos.edu\/colegio\/wp-json\/wp\/v2\/pages"}],"about":[{"href":"https:\/\/cadiz.salesianos.edu\/colegio\/wp-json\/wp\/v2\/types\/page"}],"author":[{"embeddable":true,"href":"https:\/\/cadiz.salesianos.edu\/colegio\/wp-json\/wp\/v2\/users\/5"}],"replies":[{"embeddable":true,"href":"https:\/\/cadiz.salesianos.edu\/colegio\/wp-json\/wp\/v2\/comments?post=4533"}],"version-history":[{"count":4,"href":"https:\/\/cadiz.salesianos.edu\/colegio\/wp-json\/wp\/v2\/pages\/4533\/revisions"}],"predecessor-version":[{"id":4548,"href":"https:\/\/cadiz.salesianos.edu\/colegio\/wp-json\/wp\/v2\/pages\/4533\/revisions\/4548"}],"wp:attachment":[{"href":"https:\/\/cadiz.salesianos.edu\/colegio\/wp-json\/wp\/v2\/media?parent=4533"}],"curies":[{"name":"wp","href":"https:\/\/api.w.org\/{rel}","templated":true}]}}